d) = d**3 - 11*d**2 + 8578*d - 59812. Determine a(7).
38
Let o(n) = -10526*n - 29634. Determine o(-3).
1944
Let y(i) = -771299*i - 53990939. Determine y(-70).
-9
Let u(v) = 2*v**3 - 58*v**2 + 315*v + 624. Determine u(10).
-26
Let i(r) = 23427*r - 304498. Give i(13).
53
Let u(o) = -4*o**2 - 133166*o - 1863538. Give u(-14).
2
Let u(o) = 94*o**3 + o**2 + 23*o - 8. Give u(0).
-8
Let u(v) = -v**2 + 63*v + 5094. Give u(-47).
-76
Let f(v) = 314*v - 30124. What is f(96)?
20
Let b(y) = -2*y**3 + 979*y**2 - 528*y + 19332. What is b(489)?
261
Let c(t) = -7*t**2 - 1429*t - 22599. Give c(-17).
-329
Let z(k) = -829*k + 36426. Determine z(44).
-50
Let n(s) = -s**2 + 99*s + 1632. Calculate n(-19).
-610
Let x(r) = 2141*r - 15376. Determine x(7).
-389
Let o(s) = -66*s**2 + 87*s + 102. What is o(2)?
12
Let d(k) = -94*k**2 + 64*k + 31. What is d(2)?
-217
Let k(b) = -271*b**2 + 2379*b - 5163. What is k(4)?
17
Let g(i) = -2396*i - 2175. Give g(-1).
221
Let y(c) = -4776*c + 57488. Give y(12).
176
Let l(z) = z**3 + 55*z**2 - 85*z + 1832. What is l(-57)?
179
Let x(j) = 3*j**3 - 2*j**2 + 15*j - 265. Calculate x(8).
1263
Let d(s) = 187*s + 421. What is d(-10)?
-1449
Let o(y) = 43608*y + 87208. Give o(-2).
-8
Let g(d) = -25150*d - 653938. What is g(-26)?
-38
Let w(n) = 4*n**3 + 16*n**2 - 2*n - 77. Calculate w(-6).
-353
Let v(u) = 35*u**2 - 2588*u + 2568. Give v(1).
15
Let w(l) = 2498*l + 57533. Determine w(-23).
79
Let r(j) = -9*j**2 + 4206*j - 12629. Give r(3).
-92
Let d(r) = -6613*r + 46275. Give d(7).
-16
Let q(g) = 11*g**3 + 4*g**2 + 20*g + 79. Calculate q(-3).
-242
Let l(a) = -9627*a + 77065. What is l(8)?
49
Let h(m) = 2*m**2 - 432*m - 426063. Determine h(582).
-39
Let b(s) = s**3 + 8*s**2 + 164*s + 803. Give b(-5).
58
Let q(m) = m**3 - 266*m**2 - 6*m + 1756. Determine q(266).
160
Let w(p) = 1296*p - 111412. What is w(86)?
44
Let b(c) = 6*c**3 + 32*c**2 + 16*c + 45. Calculate b(-5).
15
Let t(c) = -c**3 + 127*c**2 + 2608*c + 298. Give t(145).
8
Let w(j) = j**3 - 10*j**2 + 3518*j - 31624. Determine w(9).
-43
Let b(x) = -10*x**3 + 10*x**2 + 1509*x - 1509. What is b(1)?
0
Let m(d) = -21*d**2 - 303*d - 2287. What is m(-12)?
-1675
Let j(l) = -7*l**3 - 108*l**2 - 290*l - 56. What is j(-13)?
841
Let g(o) = -94*o**2 + 3045*o + 1896. Give g(33).
15
Let g(r) = 63*r + 8894. What is g(-177)?
-2257
Let v(i) = 7949*i + 381784. What is v(-48)?
232
Let q(r) = r**2 - 1356*r + 29377. Calculate q(22).
29
Let y(z) = -27718*z - 138613. Calculate y(-5).
-23
Let c(q) = 912*q**2 - 3027*q + 1. Determine c(4).
2485
Let q(d) = -1367*d + 121030. What is q(88)?
734
Let y(p) = p**3 - 65*p**2 - 214*p + 142. What is y(68)?
-538
Let o(i) = 8*i**3 + 29*i**2 - 61*i - 262. Calculate o(-6).
-580
Let y(j) = -2*j**3 - 28*j**2 - 4452*j - 57490. Determine y(-13).
48
Let p(f) = 6764*f - 13522. Give p(2).
6
Let t(j) = 164*j**2 - 2743*j - 32. Calculate t(16).
-1936
Let i(z) = 2*z**3 - 752*z**2 - 808*z + 20363. What is i(377)?
5
Let h(n) = 120891*n + 241745. Determine h(-2).
-37
Let v(k) = 2*k**2 - 79038*k + 1737864. Give v(22).
-4
Let n(c) = c**3 - 232*c**2 - 11508*c - 525. Give n(274).
-525
Let u(m) = 1288*m + 180105. Give u(-140).
-215
Let x(z) = 2*z**3 - 88*z**2 - 136*z + 9479. Calculate x(43).
-67
Let y(a) = -2054*a - 2642. What is y(-2)?
1466
Let k(m) = 3866*m - 14434. Calculate k(4).
1030
Let m(j) = 3*j**3 + 33*j**2 - 6*j + 38. Calculate m(-11).
104
Let q(s) = 35342*s - 742232. Calculate q(21).
-50
Let j(l) = 13771*l + 922653. What is j(-67)?
-4
Let d(z) = -50*z + 287. Give d(12).
-313
Let y(z) = -z**2 + 23*z - 49. Calculate y(3).
11
Let c(u) = -2*u**3 - 31*u**2 + 122*u + 2528. Calculate c(-13).
97
Let a(d) = -110*d**2 - 5676*d - 5676. What is a(-1)?
-110
Let f(v) = 18644*v - 261022. What is f(14)?
-6
Let s(n) = 9*n**3 + 3*n**2 - 62*n - 199. Give s(-3).
-229
Let b(q) = 4369*q - 21763. Determine b(5).
82
Let q(o) = 12*o**2 + 23*o - 189. Calculate q(-4).
-89
Let s(v) = 633*v**2 - 3791*v - 81. Give s(6).
-39
Let k(d) = -19*d**3 + 46*d + 94. Determine k(-2).
154
Let m(q) = 167*q**2 + 15362*q - 187. Determine m(-92).
-3
Let a(f) = 50*f - 1415. Calculate a(25).
-165
Let m(c) = 908*c - 146201. What is m(161)?
-13
Let k(t) = 5*t**2 - 14*t - 633. Calculate k(-10).
7
Let t(d) = -8*d**2 - 230*d + 281. What is t(5)?
-1069
Let j(r) = -28*r**2 + 229*r + 59. What is j(9)?
-148
Let y(p) = -p**3 - 50*p**2 - 209*p - 194. Give y(-3).
10
Let r(w) = -503*w**2 - 6049*w - 175. Calculate r(-12).
-19
Let l(j) = 2*j**2 + 30*j - 2200. Give l(23).
-452
Let w(t) = 456*t + 55129. Determine w(-121).
-47
Let q(c) = 15*c**2 - 4173*c + 16675. Give q(4).
223
Let q(c) = -2728*c - 3295409. What is q(-1208)?
15
Let f(i) = 4*i**3 - 39*i**2 + 14*i - 288. Give f(10).
-48
Let c(s) = -45352*s - 2721096. Determine c(-60).
24
Let k(c) = 2*c**3 - 333*c**2 + 11443*c + 295. Give k(118).
-59
Let l(s) = -1324*s - 721577. Determine l(-545).
3
Let w(q) = 296*q + 10309. Give w(-35).
-51
Let a(y) = y**2 + 129*y - 322610. What is a(-636)?
-158
Let i(d) = d**3 - 128*d**2 + 1391*d - 6. Give i(116).
-122
Let l(s) = 17*s**2 + 5*s + 110. What is l(0)?
110
Let o(i) = -241*i**2 + 281964*i + 7037. Determine o(1170).
17
Let y(v) = 229647*v - 12630573. Calculate y(55).
12
Let j(h) = -2*h**3 - 33*h**2 + 91*h - 33. Calculate j(2).
1
Let g(d) = d**3 + 14*d**2 - 1281*d + 4957. What is g(4)?
121
Let i(f) = 2*f**3 + 60*f**2 + 858*f + 15177. Calculate i(-25).
-23
Let y(z) = -2*z**2 + 41483*z + 331845. Calculate y(-8).
-147
Let m(j) = 5970*j + 73170. Give m(-12).
1530
Let u(s) = -13*s**2 - 48*s - 241. What is u(-5)?
-326
Let s(f) = -f**3 - 61*f**2 + 70*f + 488. What is s(-62)?
-8
Let a(k) = -35*k**3 - 769*k**2 + 3247*k + 70960. Determine a(-22).
10
Let q(d) = 369*d - 18835. Determine q(50).
-385
Let d(h) = h**3 + 109*h**2 - 1134*h - 8504. Give d(-118).
-8
Let r(q) = 1100*q - 13196. Calculate r(12).
4
Let h(w) = -3*w**3 + 966*w**2 + 362*w - 116565. Calculate h(322).
-1
Let m(f) = 4*f**3 + 145*f**2 + 148*f - 932. Calculate m(-35).
13
Let d(x) = 6*x**2 + 1557*x - 97177. Give d(52).
11
Let c(n) = -5084*n - 1327232. Calculate c(-261).
-308
Let d(l) = -6978*l + 132596. Calculate d(19).
14
Let i(x) = -222*x + 1192. What is i(-4)?
2080
Let p(m) = -m**3 - 634*m**2 - 78290*m - 366. Determine p(-168).
-30
Let l(b) = b**3 + 229*b**2 + 2813*b + 1013. Give l(-216).
-67
Let k(n) = 14*n**2 + 2*n - 182. What is k(-5)?
158
Let d(y) = -5*y**2 + 150*y - 923. Calculate d(9).
22
Let d(n) = 39*n + 3959. Calculate d(-102).
-19
Let l(i) = -i**3 - 5*i**2 - 9165*i - 45813. Determine l(-5).
12
Let j(f) = -111909*f - 7945549. Calculate j(-71).
-10
Let p(t) = 9799*t - 881879. Calculate p(90).
31
Let y(k) = -923*k - 23386. Give y(-25).
-311
Let f(g) = g**3 + 11*g**2 + 14*g - 488. What is f(-13)?
-1008
Let t(v) = -4*v**2 - 1536*v - 16404. Give t(-11).
8
Let q(y) = 8*y**2 + 67*y - 120. What is q(0)?
-120
Let z(v) = v**3 + 16*v**2 - 186*v + 126. Calculate z(-24).
-18
Let i(k) = -k**2 + 1605*k - 48811. Give i(31).
-17
Let c(f) = -48*f**2 + 898*f - 4173. Determine c(10).
7
Let k(m) = -2799*m - 148367. What is k(-53)?
-20
Let a(w) = 646031*w - 9044431. Calculate a(14).
3
Let f(q) = -2*q**3 - 121*q**2 - 1220*q - 78137. What is f(-61)?
4
Let f(i) = -i**3 + 157*i**2 - 2378*i - 315. Give f(140).
-35
Let i(t) = -t**3 + 869*t**2 - 172790*t + 1120. Give i(561).
-2
Let f(a) = 29*a**3 + 15*a**2 - 7*a - 50. What is f(-3)?
-677
Let w(p) = 27299*p - 109194. Calculate w(4).
2
Let j(n) = -n**2 + 550*n - 52131. What is j(122)?
85
Let m(u) = 1439*u + 7209. What is m(-5)?
14
Let q(j) = 254242*j - 4322119. Give q(17).
-5
Let c(s) = -s**2 + 6598*s - 46119. What is c(7)?
18
Let s(l) = 18561*l - 130020. Determine s(7).
-93
Let o(r) = 11614*r - 1242687. Calculate o(107).
11
Let o(f) = 257*f**3 - 2*f**2 + 11*f + 13. Determine o(-1).
-257
Let m(z) = 3*z**2 - 7546*z + 1961142. Give m(2221).
-1
Let i(c) = -c**2 + 8502*c - 67949. Give i(8).
3
Let j(a) = a**3 - 18*a**2 + 240*a - 4061. Determine j(17).
-270
Let b(z) = 26603*z - 5852622. Give b(220).
38
Let s(w) = -31*w**3 - 3876*w**2 - 109*w + 2052. Calculate s(-125).
52
Let x(k) = k**3 + 163*k**2 + 5117*k - 5153. What is x(-120)?
7
Let q(m) = -m**2 + 1602*m + 69023. Calculate q(-42).
-25
Let k(q) = -424575*q + 8491507. What is k(20)?
7
Let j(s) = -18387*s + 257433. What is j(14)?
15
